17 + -15. Let u = i - -14. Calculate the remainder when 29 is divided by u.
13
Suppose -6*m + 84 = -138. What is the remainder when m is divided by 19?
18
Let c = -16 - -19. Suppose j + 3*y + 57 = c*j, -4*j + 129 = -y. Calculate the remainder when 131 is divided by j.
32
Let m be 420 + (0/(-1))/(-2). Suppose -25*o = -21*o - m. Calculate the remainder when o is divided by 27.
24
Let l = 60 - 22. Suppose 19 = 6*d - d + i, -3*i = 3*d - 21. Suppose -39 = -0*q - d*q. Calculate the remainder when l is divided by q.
12
Let a(p) = -2*p - 7. Suppose -3*c + 40 = -8*c. Let l(q) = -q**3 - 6*q**2 - 5*q - 5. Calculate the remainder when l(-6) is divided by a(c).
7
Let a(w) = w**3 + 2*w**2 - 1. Let u be -1 + 3/6*0. Let h be a(u). Calculate the remainder when 11 - (1 - (h - -1)) is divided by 6.
5
Suppose 0 = 4*f - 25 + 1. What is the remainder when 11 is divided by f?
5
Suppose 4*z - 112 = 2*k, -z - 4*z + 153 = 4*k. What is the remainder when z is divided by 8?
5
Calculate the remainder when 4 + 255/9 + (-2)/6 is divided by 9.
5
Suppose 3*x - 160 = -5*l - 34, 14 = l - 5*x. What is the remainder when (-5 + 8)/(-9) + 858/9 is divided by l?
23
Suppose -5*i = -2*p - 37, -i + 5*p = -3*i + 9. Let m = i - 8. Let l = 9 + m. Calculate the remainder when 22 is divided by l.
6
Suppose 0 = -3*o + 3*k + 90, 5*o + 2*k = -0*o + 157. What is the remainder when o is divided by 16?
15
Suppose -3*f - 10 + 190 = 0. Let p = -18 + f. Let v(t) = -t**2 - 43*t + 101. Calculate the remainder when p is divided by v(-45).
9
Suppose -8 = 2*h - 76. Let y = h - 20. What is the remainder when 53 is divided by y?
11
Let s(u) = -26*u**3 - u**2 + 1. Let w(h) = -h - 2. Let g be w(-1). Calculate the remainder when s(g) is divided by 14.
12
Suppose -15 = 2*j - 5*j. What is the remainder when 24 is divided by j?
4
Let w(t) = t**2 + 10*t - 21. Calculate the remainder when w(-14) is divided by 10.
5
Suppose 7 = 3*y - 35. Let q = y + -1. What is the remainder when 24 is divided by q?
11
Let z = -10 - -12. Calculate the remainder when z*(6*4 - -3) is divided by 14.
12
Let d = 7 - 5. Suppose -3*k - 7 = -4*m, -5 = -m - 2*m + d*k. Let o = m - -9. What is the remainder when o is divided by 4?
2
Let n be 12/(-20) - (-26)/10. Let z(f) = -2*f - 8. Let w(m) = 3*m + 16. Let o(y) = n*w(y) + 5*z(y). Calculate the remainder when o(-7) is divided by 7.
6
Let n be (-27)/(-6)*(1 + 1). Suppose -5 = -2*u - 3*f + 1, -3*u = -3*f - n. Let i = 16 - 9. What is the remainder when i is divided by u?
1
Suppose 2*c - 66 = 90. Suppose 4*n + 2 + c = 0. Calculate the remainder when 36 is divided by (2/(-2) - n)/1.
17
Suppose -4 + 144 = 4*h. Let o(v) = v**3 - 7*v**2 + 9*v. What is the remainder when h is divided by o(6)?
17
Let o = 243 + -151. Let z = -54 + o. Suppose -j - 3*w + 13 = -w, j - 5*w - 13 = 0. What is the remainder when z is divided by j?
12
Let h be 3*(3/(-9) + 1). Calculate the remainder when (h/4)/(5/330) is divided by 4/(-14) - (-242)/14.
16
Let n = -5 - -13. Calculate the remainder when 23 is divided by n.
7
Let c = 88 - 42. Suppose -k - c = -3*k. Calculate the remainder when k is divided by 8.
7
What is the remainder when 103 is divided by (-2)/(-2 - -8)*-54?
13
Suppose -4 = g - 1. Let o be 3 - (3/g - -2). Suppose -4*f + 36 = -o*t, -4*t + 36 = 4*f + t. Calculate the remainder when 26 is divided by f.
8
Suppose -5*f + 89 = -31. Calculate the remainder when f is divided by 9.
6
Suppose -3*j - 19 = -4*f, -f + 2*f - 2 = -2*j. Suppose -f*t + 12 = -2*t. Calculate the remainder when (-12 - -1)*6/(-5 - 1) is divided by t.
5
Let p(l) = -l**2 - 3*l - 1. Let s be p(-4). Let f = 8 + s. Suppose -4*k = f*x - 22, 3*k - 6 = 4*x - x. Calculate the remainder when 11 is divided by k.
3
Let v(n) = -5*n**3 - n**2 - 2*n - 1. Calculate the remainder when 26 is divided by v(-1).
1
Suppose 2*s - 28 = -0*n + 2*n, 4*n + 96 = -4*s. Suppose -5*o + 2*o = 114. Let g = n - o. What is the remainder when g is divided by 11?
8
Let i(g) = -14*g - 1. What is the remainder when 106 is divided by i(-2)?
25
Let f be (-2 - (-2 + 1))*12. Let q = -6 - f. Calculate the remainder when (-20)/1*(-2)/4 is divided by q.
4
Let f = -71 - -173. Calculate the remainder when f is divided by 26.
24
Let v = 28 - 12. Suppose -9*o + 91 - 1 = 0. Calculate the remainder when v is divided by o.
6
Let m = 119 + -111. What is the remainder when (-2 - -3)/(-1)*-31 is divided by m?
7
Let t = 11 + -1. What is the remainder when 18 is divided by t - 0*2/4?
8
Suppose 0 = 3*q - 12, 0 = 3*h - q - 13 - 10. Calculate the remainder when 59 is divided by h.
5
Let v(z) = z**3 - z**2 - z + 4. Let w be v(0). Suppose -2*u = -3*r - 12, 2*u - 16 = -r - w. Calculate the remainder when 23 is divided by u.
5
Let v(i) = 11*i. Let m be v(3). Suppose 4*y - y - m = -5*g, 4*g - 36 = -4*y. Calculate the remainder when 10 is divided by y.
4
Suppose -3*i + 51 = -0*i. What is the remainder when i is divided by 11?
6
Suppose -5*f + 3*f + 86 = -2*t, t + 87 = 2*f. Calculate the remainder when 175 is divided by f.
43
Suppose -33*h + 12 = -30*h. What is the remainder when 24 is divided by h?
0
What is the remainder when (24 - (-1 + 0)) + 3 is divided by 10?
8
Let n be 1 + (-3)/3 + 6. Let l(x) = 8*x - 3. Let k(u) = u. Let p(z) = -6*k(z) + l(z). What is the remainder when 25 is divided by p(n)?
7
Suppose -2*m = 3*g - 5*m - 318, 0 = 2*g + 5*m - 205. What is the remainder when g is divided by 12?
9
Let c(i) = -i**3 + 9*i**2 - 7*i - 4. Suppose -4*d = -33 + 1. Calculate the remainder when 11 is divided by c(d).
3
Let z(y) = -3 - 2*y + 5 + 3*y + 9. What is the remainder when z(0) is divided by 4?
3
Suppose 6 + 6 = 2*j. Suppose 15 = j*c - c. Let h(d) = -d**2 - d + 2. Calculate the remainder when c is divided by h(0).
1
Suppose 0*i + 25 = 5*i. Let r = 3 + 24. Suppose -r = -7*c + 4*c. Calculate the remainder when c is divided by i.
4
What is the remainder when ((-21)/28)/((-2)/120) is divided by 4?
1
Suppose 5*o + 405 = 4*d, o + 4 = -1. Calculate the remainder when d is divided by 32*2/4*2.
31
Let h(t) = -t + 16. Let i be h(10). Calculate the remainder when 33 is divided by 1 + 15 + 12/i.
15
Suppose 2*k - k = 22. Calculate the remainder when 43 is divided by k.
21
Let f(g) be the third derivative of g**4/24 - g**3/3 + 3*g**2. What is the remainder when 19 is divided by f(9)?
5
Let z = -35 - -81. Calculate the remainder when z is divided by 24.
22
Let a(l) = l**3 + 8*l**2 - 3*l + 6. Let f be a(-8). Suppose -4*k = -k - f. Calculate the remainder when 28 is divided by k.
8
Let k = -1 - -48. What is the remainder when k is divided by 16?
15
Let i(u) = -u**2 + 9*u - 2. Let x = -2 - -5. Suppose g - n - 2*n - 1 = 0, -17 = -x*g + 2*n. What is the remainder when 45 is divided by i(g)?
9
Let u(w) = w + 3. Let p(g) = 9*g + 25. Let l(o) = -6*p(o) + 51*u(o). Suppose -5*a = 38 - 3. Calculate the remainder when l(a) is divided by 13.
11
Let o(l) = 56*l**2 + l. What is the remainder when o(-1) is divided by 19?
17
Let v(m) = m - 3. What is the remainder when 46 is divided by v(15)?
10
Let y = -153 + 171. Calculate the remainder when 49 is divided by y.
13
Suppose -d + 7 = -0. Let y = d - 1. What is the remainder when 10 is divided by y?
4
What is the remainder when 6 is divided by 2 - ((-2)/6)/((-1)/(-3))?
0
Let n(l) = -7*l + 11*l**2 - 10*l**2 + 4 - 6. Let k be n(7). Let y = 0 - k. Calculate the remainder when y is divided by 1.
0
Let v be 53 + (-3)/(9/6). Suppose 3*y = y - 2*h + 28, -4*y - 3*h = -v. What is the remainder when 17 is divided by y?
8
What is the remainder when 24 is divided by (-206)/(-14) + (-4)/(-14)?
9
Suppose -5*p = 3*u - 38, 0 = -3*u - p - 0*p + 34. Let a(b) = -4*b - 12. Calculate the remainder when a(-8) is divided by u.
9
Let l = 3 - 3. Suppose l = 2*q - 4 - 0. Suppose -4*v + v = -q*g + 3, 0 = 2*g - 6. What is the remainder when 2 is divided by v?
0
Let j(c) = 4*c**2. Let i be j(1). Suppose -5*l + i + 26 = 0. Suppose -s = -l*s + 330. Calculate the remainder when s is divided by 23.
20
Let r(q) be the first derivative of -q**2/2 - 22*q + 1. Let x be r(0). Let u = x - -33. Calculate the remainder when 32 is divided by u.
10
Let t(h) = -5*h. Let i(z) = 3*z. Let s(j) = -5*i(j) - 2*t(j). Suppose 0 = 2*f - 3*f - 2. What is the remainder when 29 is divided by s(f)?
9
What is the remainder when 35 is divided by 11